ed by 118?
48
What is the remainder when 155 is divided by 57?
41
Calculate the remainder when 8484 is divided by 69.
66
Calculate the remainder when 4764 is divided by 266.
242
What is the remainder when 121 is divided by 4?
1
What is the remainder when 496 is divided by 32?
16
Calculate the remainder when 1030 is divided by 1011.
19
What is the remainder when 431 is divided by 31?
28
Calculate the remainder when 242 is divided by 4.
2
What is the remainder when 1132 is divided by 26?
14
What is the remainder when 1204 is divided by 156?
112
Calculate the remainder when 86 is divided by 30.
26
Calculate the remainder when 662 is divided by 226.
210
Calculate the remainder when 650 is divided by 226.
198
Calculate the remainder when 219 is divided by 96.
27
Calculate the remainder when 157 is divided by 53.
51
Calculate the remainder when 60 is divided by 13.
8
What is the remainder when 436 is divided by 23?
22
What is the remainder when 395 is divided by 132?
131
Calculate the remainder when 32 is divided by 17.
15
What is the remainder when 754 is divided by 249?
7
Calculate the remainder when 5627 is divided by 43.
37
What is the remainder when 1286 is divided by 56?
54
What is the remainder when 1127 is divided by 152?
63
Calculate the remainder when 108 is divided by 25.
8
Calculate the remainder when 14595 is divided by 40.
35
Calculate the remainder when 356 is divided by 24.
20
Calculate the remainder when 215 is divided by 10.
5
Calculate the remainder when 83 is divided by 42.
41
Calculate the remainder when 1413 is divided by 15.
3
Calculate the remainder when 18719 is divided by 20.
19
Calculate the remainder when 255 is divided by 36.
3
What is the remainder when 6 is divided by 2?
0
What is the remainder when 234 is divided by 26?
0
What is the remainder when 155 is divided by 37?
7
Calculate the remainder when 942 is divided by 15.
12
What is the remainder when 505 is divided by 5?
0
Calculate the remainder when 165 is divided by 110.
55
What is the remainder when 167 is divided by 54?
5
What is the remainder when 371 is divided by 119?
14
Calculate the remainder when 54 is divided by 7.
5
What is the remainder when 1878 is divided by 94?
92
Calculate the remainder when 34916 is divided by 13.
11
What is the remainder when 1756 is divided by 56?
20
What is the remainder when 137 is divided by 7?
4
Calculate the remainder when 2308 is divided by 64.
4
What is the remainder when 337 is divided by 11?
7
Calculate the remainder when 34 is divided by 19.
15
What is the remainder when 1679 is divided by 70?
69
Calculate the remainder when 225 is divided by 12.
9
What is the remainder when 272 is divided by 149?
123
Calculate the remainder when 109 is divided by 32.
13
What is the remainder when 1550 is divided by 484?
98
What is the remainder when 5323 is divided by 121?
120
What is the remainder when 642 is divided by 640?
2
Calculate the remainder when 417 is divided by 40.
17
Calculate the remainder when 15095 is divided by 12.
11
What is the remainder when 1896 is divided by 67?
20
Calculate the remainder when 19 is divided by 11.
8
What is the remainder when 97 is divided by 82?
15
Calculate the remainder when 85 is divided by 54.
31
Calculate the remainder when 24883 is divided by 262.
255
Calculate the remainder when 787 is divided by 187.
39
Calculate the remainder when 270 is divided by 56.
46
What is the remainder when 487 is divided by 230?
27
What is the remainder when 59 is divided by 8?
3
What is the remainder when 2201 is divided by 58?
55
Calculate the remainder when 20 is divided by 14.
6
Calculate the remainder when 105349 is divided by 490.
489
Calculate the remainder when 119 is divided by 65.
54
What is the remainder when 43 is divided by 15?
13
What is the remainder when 562 is divided by 197?
168
What is the remainder when 558 is divided by 51?
48
What is the remainder when 54791 is divided by 13?
9
Calculate the remainder when 131 is divided by 12.
11
Calculate the remainder when 203 is divided by 26.
21
Calculate the remainder when 290 is divided by 49.
45
What is the remainder when 116 is divided by 11?
6
Calculate the remainder when 185 is divided by 94.
91
What is the remainder when 599 is divided by 20?
19
What is the remainder when 1022 is divided by 276?
194
What is the remainder when 33 is divided by 10?
3
What is the remainder when 27 is divided by 16?
11
Calculate the remainder when 1048 is divided by 117.
112
Calculate the remainder when 16 is divided by 16.
0
What is the remainder when 19494 is divided by 97?
94
Calculate the remainder when 651 is divided by 109.
106
Calculate the remainder when 269 is divided by 55.
49
Calculate the remainder when 1070 is divided by 16.
14
What is the remainder when 269 is divided by 263?
6
What is the remainder when 2194 is divided by 183?
181
What is the remainder when 279 is divided by 28?
27
Calculate the remainder when 17742 is divided by 195.
192
Calculate the remainder when 260 is divided by 61.
16
Calculate the remainder when 200 is divided by 74.
52
Calculate the remainder when 1951 is divided by 61.
60
Calculate the remainder when 21 is divided by 13.
8
What is the remainder when 83 is divided by 38?
7
What is the remainder when 14615 is divided by 29?
28
Calculate the remainder when 750 is divided by 189.
183
What is the remainder when 2167 is divided by 35?
32
Calculate the remainder when 43 is divided by 18.
7
What is the remainder when 384 is divided by 43?
40
What is the remainder when 403 is divided by 103?
94
What is the remainder when 1949 is divided by 15?
14
Calculate the remainder when 573 is divided by 20.
13
Calculate the remainder when 261 is divided by 129.
3
Calculate the remainder when 211 is divided by 79.
53
Calculate the remainder when 726 is divided by 14.
12
What is the remainder when 218 is divided by 112?
106
What is the remainder when 1216 is divided by 10?
6
What is the remainder when 399 is divided by 36?
3
Calculate the remainder when 5262 is divided by 47.
45
What is the remainder when 200 is divided by 2?
0
What is the remainder when 311 is divided by 52?
51
What is the remainder when 49 is divided by 7?
0
What is the remainder when 320 is divided by 107?
106
Calculate the remainder when 85 is divided by 37.
11
Calculate the remainder when 295 is divided by 55.
20
Calculate the remainder when 61 is divided by 14.
5
What is the remainder when 137 is divided by 20?
17
Calculate the remainder when 74 is divided by 16.
10
What is the remainder when 1794 is divided by 180?
174
What is the remainder when 565 is divided by 40?
5
Calculate the remainder when 2427 is divided by 9.
6
What is the remainder when 469 is divided by 43?
39
Calculate the remainder when 458 is divided by 221.
16
Calculate the remainder when 45 is divided by 14.
3
What is the remainder when 320 is divided by 109?
102
What is the remainder when 188 is divided by 92?
4
Calculate the remainder when 314 is divided by 9.
8
What is the remainder when 2835 is divided by 79?
70
What is the remainder when 252 is divided by 115?
22
Calculate the remainder when 66 is divided by 14.
10
What is the remainder when 3672 is divided by 22?
20
What is the remainder when 278 is divided by 62?
30
What is the remainder when 59 is divided by 12?
11
Calculate the remainder when 302 is divided by 78.
68
Calculate the remainder when 2521 is divided by 839.
4
Calculate the remainder when 793 is divided by 16.
9
Calculate the remainder when 227 is divided by 116.
111
Calculate the remainder when 1278 is divided by 201.
72
What is the remainder when 1907 is divided by 9?
8
Calculate the remainder when 96 is divided by 22.
8
Calculate the remainder when 141 is divided by 10.
1
Calculate the remainder when 317 is divided by 40.
37
Calculate the remainder when 1188 is divided by 14.
12
Calculate the remainder when 1446 is divided by 97.
88
Calculate the remainder when 83 is divided by 46.
37
Calculate the remainder when 6136 is divided by 6128.
8
What is the remainder when 497 is divided by 27?
11
What is the remainder when 288 is divided by 69?
12
Calculate the remainder when 62 is divided by 35.
27
Calculate the remainder when 110 is divided by 52.
6
Calculate the remainder when 202